 + -26).
5
Let h be (-3)/21 - (-154)/49. Suppose h*m + 2 + 1 = 0. Let s(j) = -2*j + 1. What are the prime factors of s(m)?
3
Let w(z) = -z + 4. Let b be w(5). Suppose 0 = -14*i + 10*i - 24. What are the prime factors of b*(-16 - i/(-2))?
19
Let y(u) = -2*u**2 + 28*u + 29. Let q be y(14). Let f(i) = -i**3 + 30*i**2 - 19*i - 16. List the prime factors of f(q).
2, 137
Suppose 0 = 2*c + d - 8, 0 = -4*d - 7 - 1. Suppose 2*s = -g + 47, 0*s + c*s = 3*g - 97. What are the prime factors of g?
3, 13
Let a = 301 + 584. What are the prime factors of a?
3, 5, 59
Suppose 0 = -5*s + 2*s + 2*c + 275, 2*s - 170 = -2*c. Suppose -4*m + l + 271 = -0*m, m + 4*l - s = 0. What are the prime factors of m?
3, 23
List the prime factors of ((-3)/(-2))/((-3)/(-88))*6.
2, 3, 11
Let r = 1466 + -705. What are the prime factors of r?
761
Suppose 175 - 3793 = -2*x - 2*p, 2*x + p = 3619. List the prime factors of x.
2, 5, 181
Suppose 5*d + 4*h - 322 = 78, 2*d = -3*h + 167. Suppose d = 11*u - 1024. What are the prime factors of u?
2, 5
What are the prime factors of 1231/((58 - 63) + 26/5)?
5, 1231
Suppose 356*r + 20 = 352*r. Let i(m) = -m**3 - 4*m**2 + 8*m + 4. Let t be i(-6). Let s = r + t. List the prime factors of s.
23
Suppose z = -3 + 6. Suppose -z*t + 13 = 2*r, -5*r - 5*t + 32 = 7. Suppose w - 3*w + 50 = 3*u, -w - r*u + 23 = 0. What are the prime factors of w?
31
Let i(d) = d**3 + d**2 + 4. Let f be i(0). Suppose -5*k + c - 28 = 0, 3*c - 21 - 8 = f*k. Let h = k - -29. What are the prime factors of h?
2, 3
Suppose 2*r = -2*n + r + 47, -4*n - 5*r = -91. What are the prime factors of (141/(-6) + 4)/((-9)/n)?
2, 13
Let a(w) be the third derivative of w**5/60 + 14*w**3/3 - 2*w**2. Let q be (-3 - -3)/(-2 - 0). What are the prime factors of a(q)?
2, 7
Let n(v) = -22*v**2 + v - 4. Let y be n(2). Let l = y + 188. List the prime factors of l.
2, 7
Suppose -4*f + 81 = -3*o - 5, 2*f = 5*o + 50. Suppose a - 3*u = f, -4*a - u = -131 + 38. List the prime factors of a.
23
Suppose 3179 = 5*b + 16*a - 17*a, 0 = -2*b - 5*a + 1277. What are the prime factors of b?
2, 3, 53
Suppose 68848 - 10504 = 17*y. List the prime factors of y.
2, 3, 11, 13
Let v(t) = t**3 + 4*t**2 + 8*t. Let z be v(-4). What are the prime factors of (-1 - -2)*(0 - 1 - z)?
31
Let w be (-48)/(-27) + (-12)/(-54). Suppose -52 + 158 = w*o. What are the prime factors of o?
53
Let m(h) = h**2 - 7*h + 8. Let c = 15 + -9. Let z be m(c). Suppose g + 2*y - 24 = 0, -6*y - 8 = -z*g - 2*y. List the prime factors of g.
2, 7
Suppose 8*p - 12405 = 7211. List the prime factors of p.
2, 613
List the prime factors of (-13780)/(-35) - (-20)/70.
2, 197
Let a be (-2862)/72*(-16)/6. Let f = 178 - a. List the prime factors of f.
2, 3
Let u(k) = k + 8. Let a be u(-4). Suppose g = -a*t - 27, 4*g + 2*t = -3*t - 86. Let j = g - -37. What are the prime factors of j?
2, 3
Suppose -2*c = -0*c - g - 6178, 4*g = -4*c + 12368. List the prime factors of c.
2, 3, 5, 103
Suppose -2*l + 6 = l. Suppose 32 = -2*t + 28. List the prime factors of t*l*(-3 - -1).
2
Suppose -7*y - 50 = -2*y. Let n = 39 + y. What are the prime factors of n?
29
Let c = 219 + -46. Suppose -y - c = -2*s, 0 = s - y - 35 - 49. List the prime factors of s.
89
Suppose -2*t + 0*t + 432 = 0. Suppose 3*j - t = 105. List the prime factors of j.
107
Suppose 34*h - 31*h - 587 = -5*w, -4*h + 3*w = -802. List the prime factors of h.
199
List the prime factors of (-1 - -2)*(-4 - -8940)/8.
1117
Let b(t) = t**2 + 8*t + 12. Let x be b(-7). Suppose 0 = x*r - 581 - 634. List the prime factors of r.
3
Let b(n) = -n**3 - 9*n**2 - 7*n - 5. Let q be b(-8). List the prime factors of (12 + 1)/(q/(-65)).
5, 13
Let s = 258 - 58. Suppose 0 = 197*d - 198*d + s. What are the prime factors of d?
2, 5
Let u(r) = 22*r**2 + 27*r - 158. What are the prime factors of u(9)?
1867
Let d = -40 + 64. Suppose -2*m = -3*n - 5*m + 30, 3*m = -2*n + d. List the prime factors of 35 - (2 - n - -3).
2, 3
Suppose 54 + 60 = 3*s. Suppose -s*k + 39*k - 169 = 0. What are the prime factors of k?
13
Let d(m) = -1 + 16 + m + 0 - 8. List the prime factors of d(0).
7
Let z = -72 + 222. Let a = z - 133. What are the prime factors of a?
17
Suppose -z = -4*i + 1221, z + 131 = 3*i - 785. What are the prime factors of i?
5, 61
Suppose -53*q + 59*q - 5220 = 0. List the prime factors of q.
2, 3, 5, 29
Let z be (-6)/(((-12)/18)/(3/9)). Suppose -z*q = -5*m + 74 - 492, -5*q = -m - 726. List the prime factors of q.
2, 73
Suppose -3*h + 4*d = 10, -5*h - d = -17 + 3. Let j be (-10)/4 - h/(-4). List the prime factors of ((-25)/2 - -3)*j.
19
Let s = -511 - -725. What are the prime factors of s?
2, 107
Suppose z + 3*z - 5*r = 21, 16 = 5*z + 4*r. Suppose -z*a + 4860 = -3*h, 0*h - 4*h + 3*a = 6473. List the prime factors of h/(-40) - 4/10.
2, 5
Suppose -66*k + 75*k = 612. What are the prime factors of k?
2, 17
Let b(f) = 2*f**3 + f**2 + 100. What are the prime factors of b(0)?
2, 5
Suppose 9*z - 5 = 4. List the prime factors of z*21*72/54.
2, 7
Let g(x) = -x**2 - 82*x + 5. What are the prime factors of g(-27)?
2, 5, 149
Let o = 3003 - 2273. What are the prime factors of o?
2, 5, 73
Suppose -3*d - j = -6685, 23*j + 4 = 24*j. List the prime factors of d.
17, 131
Let f(k) = -k - 6. Let h = 2 - 8. Let n be f(h). Suppose n*l + 2*l - 74 = 0. List the prime factors of l.
37
Let d be (1422/(-27))/(3/(-18)). Suppose 632 = 4*r - 2*g, 3*r + 4*g + d = 5*r. List the prime factors of r.
2, 79
Let v = -25 - -32. Suppose -v*o + 36 = -216. What are the prime factors of o?
2, 3
Let p be 5457/(-6) + (-2)/4. Let d be (-6)/14 + p/49. Let t = 2 - d. List the prime factors of t.
3, 7
Let q = 141 - 140. Suppose 2*p - 20 - 10 = 0. What are the prime factors of (13 - p) + 47/q?
3, 5
Suppose -3*u + 9 = -2*m, -m + 1 + 12 = 2*u. Suppose 3 = -m*c + 5*i, -3*c - 2*c + 4*i = -8. Suppose 0*z + c*z = 36. List the prime factors of z.
3
What are the prime factors of ((-6)/20*356)/(23/(-115))?
2, 3, 89
Suppose 2*x + c - 1568 = 0, 2*x + 4*c = 7*c + 1568. List the prime factors of x.
2, 7
Let y = 30 - 5. Let c = y - 37. List the prime factors of (c/15)/2*-65.
2, 13
Suppose -3*f = -8*f - 5*a + 5880, 4*f - 5*a - 4686 = 0. What are the prime factors of f?
2, 587
Suppose -15 = 5*f + 5, -4*t + 6544 = 5*f. What are the prime factors of t?
3, 547
Let h = -262 + 134. Let v = 195 + h. What are the prime factors of v?
67
Let j be 3 + 2/(-3 + 1). Suppose 3*m - 210 = -j*m. List the prime factors of m.
2, 3, 7
Let f(d) = -d**3 - 11*d**2 - d - 1. Let z be f(-11). Let y be 5*2/z*0. Suppose y = -4*x - 0*x + 280. What are the prime factors of x?
2, 5, 7
Let t(b) be the first derivative of b**3/3 - 6*b**2 + 27*b - 14. What are the prime factors of t(15)?
2, 3
Let a(y) be the first derivative of 14*y**3/3 - 5*y**2/2 - 13*y + 3. What are the prime factors of a(-2)?
53
Let z(y) = 4*y + 1. Let k(n) = -n**2 + 10*n. Let t be k(8). Suppose -4*w = -6*w + t. What are the prime factors of z(w)?
3, 11
Let g(u) = -2*u + 4. Let k be g(2). Suppose 4 = -2*l - k, l + 877 = 5*i. List the prime factors of i.
5, 7
Let m = 1219 + -260. What are the prime factors of m?
7, 137
Suppose -5*c = -5*a + 1565, 4*c = -1 - 19. Let m = a + -215. List the prime factors of m.
3, 31
Let q(k) = k**2 - 8*k - 14. Let b be q(10). Let i be (340/b)/((-1)/(-3)). Let u = -108 + i. List the prime factors of u.
2, 31
Suppose -47 = -3*l - p, -4*p = -3*l + 2*l - 6. Suppose 2*r = 9*r - l. Suppose 4*c + 54 = r*g, -2*g - c - 17 = -61. What are the prime factors of g?
23
Let w(o) = 663*o + 91. List the prime factors of w(1).
2, 13, 29
Let n(d) = -2*d**2 - 16*d - 11. Let b be n(-11). Let w = 136 + b. What are the prime factors of w?
59
Let f(c) = -2*c**2 - 8*c - 2. Let b be f(-5). Let h = b - -11. Let t(d) = -35*d**3 - d - 1. What are the prime factors of t(h)?
5, 7
Let i(r) = -2*r**3 + r + 1. Let k be i(-2). Suppose -2*a - 5 + k = 3*d, a = 2. What are the prime factors of 1 + d/2*25?
2, 13
List the prime factors of 381*((-4)/18 - 35/(-63)).
127
Suppose 3*n = 5*t + 11947, -6*n + 9*n - 11948 = 4*t. List the prime factors of n.
2, 3, 83
Let j = 1432 - 567. List the prime factors of j.
5, 173
Let r(y) = 9*y - 13. Suppose 2*m - 2 = 8. List the prime factors of r(m).
2
Suppose -5*y + 23 = -2. Let c = y - 2. Suppose 4*m + 3*k = 132, 0 = -c*k + 8 - 20. What are the prim